(o).
-10
Suppose 0 = -2*i + 5 + 11. Suppose 2*v - i = -0. Let q(k) = -3*k - 2*k + v*k. Determine q(-4).
4
Let n(a) = -2*a + 4. Suppose 0 = -j + 4*x + 1, -13 = 2*j + 2*x + 5. Let d(v) = 13*v**2. Let h be d(1). Let y = h + j. Determine n(y).
-8
Let w be (-2)/6 - (11/3 - 2). Let s(d) = d**3 + 2*d**2 + d + 1. Determine s(w).
-1
Let x(k) = -k - k**2 - 7*k + 3 + 3*k**2 + 27*k. Let l(b) = b**2 + 9*b + 2. Let g(r) = 5*l(r) - 2*x(r). Let d be (1/1)/((-2)/14). Give g(d).
4
Let i(n) = n - 1. Let r(l) be the third derivative of -1/2*l**3 + 0 + 9*l**2 - 1/60*l**5 + 0*l + 3/8*l**4. Let j be r(9). Determine i(j).
-4
Let v(b) be the third derivative of -b**4/8 + 25*b**3/2 - b**2 - 9. Let h be v(23). Let i(f) = f**2 - 7*f + 1. What is i(h)?
-5
Let h = 24 + -23. Let w(s) = -8*s**2 + 3*s - 4. Let k(i) = -7*i**2 + 2*i - 3. Let y(m) = -5*k(m) + 4*w(m). Calculate y(h).
4
Suppose -8*x + 36 = x. Let c(y) = -x*y + 1 - 1 + 6 + 0. What is c(4)?
-10
Let m(l) be the second derivative of -6*l + 1/20*l**5 - 3*l**2 + 0 - 1/3*l**4 - 5/6*l**3. Calculate m(5).
-6
Let o(f) = -2*f. Let j(t) = -t**3 + 17*t**2 - 15*t - 21. Let p be j(16). Let k(a) = -10*a**2 + a - 2. Let i be k(2). Let h be ((-4)/p)/(8/i). Calculate o(h).
8
Let z(w) = w**2 - 11*w - 31. Let h(a) = 5*a + 143. Let c be h(-26). Determine z(c).
-5
Let o = -166 - -169. Let z(x) = -x**2 + 4*x + 4. Calculate z(o).
7
Suppose 90 + 64 = 14*v. Let q(c) = -c + 5. Determine q(v).
-6
Let f(u) = -u**2 + 7*u - 6. Suppose 51 = h + 6. Let x = h + -41. Determine f(x).
6
Let b(w) = -2*w**3 + w**2 + 4*w - 2. Suppose -6*n = -5*n - 2. Let v be b(n). Let i(s) be the first derivative of s**4/4 + 2*s**3 - 3*s + 1. Calculate i(v).
-3
Let d(y) be the second derivative of y**3/6 + 2*y. Suppose 4*c - 20 = -2*q, 3*q = 4*c - 13 - 17. Let n be (0 - c) + (-7 - (-7 - 1)). Determine d(n).
-5
Let b(t) = -t + 10. Let j(x) = -2*x - 3. Let h be -10*((-3)/2)/(-3). Let o be j(h). Determine b(o).
3
Let f(d) = -d**3 + d**2 + d - 1. Let n(l) be the third derivative of l**6/24 + l**5/20 - 2*l**3/3 - 11*l**2. Let u(v) = -4*f(v) - n(v). What is u(-6)?
-4
Let f(t) = -7*t - 18. Let s be f(-3). Let o(w) = w**2 - 2. Determine o(s).
7
Let p(b) = b - 3. Let n be ((-3)/5)/((-3 - -7)/(-20)). Give p(n).
0
Let h(s) be the second derivative of 1/2*s**3 + 1/2*s**2 + 0 - 10*s. What is h(-4)?
-11
Suppose 2*o = -22 + 4. Let q be (o - -7)*(-3)/(-2). Let b(k) be the first derivative of 2*k**3/3 + k**2/2 - 3*k + 4. Give b(q).
12
Let t(d) = 4 - 2 - d**3 + 2*d**2 + 2*d**2 - d. Suppose 2*p - 7 = 3*b + 4, b + 34 = 3*p. Suppose -3*a + 4*v = -v + p, -21 = -4*a - v. Calculate t(a).
-2
Let c(x) = 2*x + 4*x**2 + 2*x**2 - 2 - 4*x**2. Suppose -l = -4*j - 0*l + 12, 0 = -4*j - 2*l. Give c(j).
10
Suppose 0*m + 4*o = -2*m + 12, o = -m + 4. Let r(p) = m*p - p + 12 + 0*p - 5. Give r(6).
13
Suppose 2*k = 2*a + 8, k + 57*a = 61*a - 8. Let u(y) = y - 5. Calculate u(k).
3
Suppose 2*q - x - 7 = 0, -5 + 11 = q - 3*x. Let j(b) = -2*b**3 - b + b**q + 0*b**3 + 0*b**3. Suppose 0 = 2*r + 2*y - 0*y - 8, -y = 5*r. What is j(r)?
2
Suppose 4*j = m - 9, -14 = -4*m + 4*j + 10. Let x(r) = -r**3 + 6*r**2 - 6*r + 6. Calculate x(m).
1
Suppose 4*i = 2*q + 20, -i = 36*q - 31*q + 17. Let r = 0 + 3. Let s(t) = -5 - 2 + t + r. Calculate s(q).
-8
Let f(z) be the first derivative of 4*z**2 - 3*z - 795. Calculate f(1).
5
Let o(c) = -c**2 + c + 1. Suppose 0 = 8*p - 17*p - 27. Determine o(p).
-11
Let z(m) = -2*m**2 - 2 + 0 + 8*m - 4*m + m. Let d be -35 - -37 - 1*-1. Calculate z(d).
-5
Let f(q) be the first derivative of q**3/3 - q**2 - 3*q - 6. Give f(0).
-3
Let r(o) = -10*o**3 + 50*o + o**2 - 50*o. Let x = -1 - 0. Determine r(x).
11
Suppose -34*j + 60 = -4*j. Let z(t) = 3*t**2 - 4*t + 2. What is z(j)?
6
Suppose -6 = -2*w + k - 1, 3*k + 6 = -3*w. Suppose -h = -2*h + 2. Let p(t) = h + 5*t - 1 + 0. Determine p(w).
6
Let k = -5563/4 - -1391. Let v(n) be the first derivative of 1/2*n**2 - 3 + 3*n - k*n**4 + 1/3*n**3. What is v(0)?
3
Let t(v) be the third derivative of 1/24*v**4 + 0*v + 1/3*v**3 + 0 - 11*v**2. Calculate t(5).
7
Let x(n) = -n**3 - 6*n**2 + 4. Let g be x(-6). Let f(q) = -q + g - q - q + 0. Determine f(3).
-5
Let g(o) be the third derivative of 1/3*o**3 + 0*o + 1/60*o**5 + 1/24*o**4 - 7*o**2 + 0. Suppose -3*v = 5 + 1. Give g(v).
4
Let u(g) = -g**3 + 2*g + 2. Let w be 2 - (-3)/(-6)*-8. Suppose w - 45 = -13*d. Determine u(d).
-19
Let k be 3 + (-17)/5 - 17/(-5). Let t(w) = -12*w**2 + 2 - k - 2*w + 11*w**2. Determine t(2).
-9
Let x(f) be the second derivative of f**5/20 + f**4/12 - f**3/6 + f**2 + 23*f. Let k = 9 - 9. Determine x(k).
2
Let q(r) = 3*r**2 + 10*r + 3. Let p(b) = b**3 - b**2 - 15*b + 7. Let f be p(4). What is q(f)?
28
Suppose -4*g + 0*g - 12 = -2*j, -4 = 4*g. Let i = 0 + j. Suppose 50 = -i*y + 18. Let f(x) = x + 1. Calculate f(y).
-7
Suppose 23 = -3*o - 2*x, 4*o + 0*o = 4*x - 24. Let d(l) = -l**2 - 2*l - 2. Determine d(o).
-37
Let l(d) be the second derivative of -d**5/20 + 5*d**4/12 - d**3/6 - 2*d**2 - 346*d. Let z = 5 + -1. Give l(z).
8
Suppose 25*t - 17*t - 16 = 0. Let j(o) = 5 + 132*o - 6*o**2 + o**t - o**3 - 130*o. Calculate j(-5).
-5
Let z(j) = -j - 6. Let t(p) = -p**3 - 16*p**2 - 29*p - 22. Let k be t(-13). Let a = -162 - k. Give z(a).
4
Let d(t) = t**2 - 3*t - 3. Let m be d(3). Let u(s) = -s**3 - 3*s**2 + s + 3. Let f(i) = -3*i**3 - 9*i**2 + 3*i + 11. Let j(k) = -3*f(k) + 10*u(k). What is j(m)?
-6
Let q = 1027 - 1023. Let u(x) be the third derivative of -x**5/60 + x**4/6 - x**3/3 + 4*x**2. What is u(q)?
-2
Let t be 35/10 + 1/2. Let f = -1 + t. Let i(d) = 2 + f*d - d - 3. What is i(4)?
7
Let a(p) = -7 + 4*p - 8 - 11 + 3*p**2 + 28. Let f = 21 + -11. Suppose -2*n = 5*q - 4*q + f, 0 = -4*n - 16. What is a(q)?
6
Let d be ((-3 - 3) + -1)/1. Let g(y) = 2*y + 9. Let i(a) = -a - 10. Let k(z) = -5*g(z) - 4*i(z). Let n(b) = -b + 1. Let j(o) = -k(o) + 4*n(o). What is j(d)?
-5
Let p = 8264 - 8260. Let r(t) be the first derivative of -t**2 + 2*t + 2*t**2 - 4*t - 2. Determine r(p).
6
Let l(q) = q**3 + 6*q**2 + q + 4. Suppose 0 = 3*v - 2*v - 4. Let x(o) = -o**3 - 7*o**2 - 2*o - 5. Let y = -1 - -4. Let w(r) = v*l(r) + y*x(r). What is w(-2)?
9
Let f(k) = k + 3. Let w be f(-7). Let x = w - -4. Let l(v) = v - 9. Let q(m) = m - 8. Let r(d) = -4*l(d) + 5*q(d). Calculate r(x).
-4
Let v(q) = -q**2 + 12*q - 9. Let a(d) = -2*d**2 + 97*d - 36. Let i be a(48). Calculate v(i).
-9
Let n be 5 + 1*(3 + -3). Suppose -2 = -n*i + 8. Let f(l) = l. Give f(i).
2
Suppose 30 = 2*y - 2*i, 5*y + 2*i + 2*i = 120. Let g = y + -17. Let p(h) = h + 3 + 4*h - g*h. Give p(3).
9
Let v be (-1 - 2/6*-2)*27. Let z(y) = 3*y**2 - 3*y - 4. Let l(t) = -13*t**2 + 11*t + 15. Let s(k) = v*z(k) - 2*l(k). Calculate s(7).
-8
Suppose 3*n = 4*w - 2*n + 85, -2*n + 40 = -2*w. Let i(c) = -c**3 - 16*c**2 - 16*c - 17. Determine i(w).
-2
Let j(g) = 8*g**2 - 84 - 9*g**2 - 4*g + 74. What is j(-9)?
-55
Let i(q) be the first derivative of q**4/4 + 11*q**3/3 + 11*q**2/2 - 2*q + 91. What is i(-10)?
-12
Let h(i) = 5*i**2 - 1. Let m = 346 - 344. Calculate h(m).
19
Let o(u) = -u**2 + 21 + 16 + 21 - u**3 - 70. Calculate o(0).
-12
Let c(s) = -13 + 7*s**2 - 3 - 15*s**2 - s**3. What is c(-8)?
-16
Let i(d) = d**2 - 7*d - 15. Let g(w) = -1. Let x(l) = 6*g(l) - i(l). Let t = -4 + 11. Calculate x(t).
9
Let w(k) = -k**2 + 11*k - 9. Let x be (-30)/35 + (-55)/(-7). What is w(x)?
19
Suppose 19*i + 24*i = -2*i - 360. Let j(g) be the second derivative of -g**5/20 - 2*g**4/3 + g**3/6 - 3*g**2/2 - g. Calculate j(i).
-11
Let o be (-4 + 63/14)*-24. Let f(q) = q**2 + 11*q - 4. What is f(o)?
8
Let i(z) = -6*z - 1 - 13*z + 11*z + 5. Determine i(4).
-28
Let x = -7 + 19. Let t be 5 + -1 + x + -13. Suppose -t*u + 0*u = 0. Let z(l) = -l**2 - l - 5. Calculate z(u).
-5
Suppose 2*p = p + 2, 4*z + 5*p + 2 = 0. Let v be z/(12/16 - 0). Let i(h) = -4*h - 9. Let o be i(v). Let u(d) = -2*d + 6. Calculate u(o).
-8
Let j(h) = -3*h**2 + 15*h + 4. Let l be j(5). Let o(c) = c + 3. Give o(l).
7
Let y(v) = -v**2 - 12*v - 32. Let c be y(-4). Let g(z) = -z**3 + 2*z**2 + z - 7. Determine g(c).
-7
Let b = -9 + 13. Suppose -15*f + 78 = -2*f. Let j(d) = -d**3 + d**2 + 1. Let x(w) = 5*w**3 - 3*w**2 + 2*w - 2. Let q(r) = f*j(r) + x(r). Calculate q(b).
-4
Let o(s) = s**3 + 6*s**2 + 2*s. Suppose -4*r + 4*b = 4, 0 = 2*r - 7*r 